{"id":2,"date":"2013-06-21T17:23:11","date_gmt":"2013-06-21T16:23:11","guid":{"rendered":"http:\/\/www.gay-touzeur.com\/blog\/?page_id=2"},"modified":"2018-11-05T16:38:48","modified_gmt":"2018-11-05T15:38:48","slug":"zone-dial","status":"publish","type":"page","link":"http:\/\/www.gay-touzeur.com\/blog\/zone-dial\/","title":{"rendered":"ZONE DIAL"},"content":{"rendered":"<p>Le meilleur moyen de trouver des gars pour faire des partouzes c&rsquo;est de viser large dans les profils ..si non ce sont toujours les m\u00eames t\u00eates , les m\u00eames profils . Je propose ce dial avec une zone soft , sex et hard ou tu peux pr\u00e9ciser tes recherches , cr\u00e9er une galerie\u00a0 photo ouverte ou ferm\u00e9e par un mot de passe, ainsi qu&rsquo;une zone avec webcam histoire de voir si le feeling passe . N&rsquo;oubliez pas de sortir couvert \ud83d\ude42<\/p>\n<p><a href=\"https:\/\/k.digital2cloud.com\/?abc=32fb639068c60da9&#038;xa=n&#038;acme=sid.2234333&#038;media=search&#038;s1=gay-touzeur&#038;s2=page-zone-dial\" target=\"_blank\"><img loading=\"lazy\" decoding=\"async\" class=\"aligncenter\" alt=\"dial gay touzeurs\" src=\"http:\/\/www.gay-touzeur.com\/images\/rencontre-touzeurs.jpg\" width=\"650\" height=\"867\" longdesc=\"https:\/\/k.digital2cloud.com\/?abc=32fb639068c60da9&#038;xa=n&#038;acme=sid.2234333&#038;media=search&#038;s1=gay-touzeur&#038;s2=page-zone-dial\" \/><\/a><\/p>\n","protected":false},"excerpt":{"rendered":"<p>Le meilleur moyen de trouver des gars pour faire des partouzes c&rsquo;est de viser large dans les profils ..si non ce sont toujours les m\u00eames t\u00eates , les m\u00eames profils . Je propose ce dial avec une zone soft , sex et hard ou tu peux pr\u00e9ciser tes recherches , cr\u00e9er une galerie\u00a0 photo ouverte [&hellip;]<\/p>\n","protected":false},"author":1,"featured_media":0,"parent":0,"menu_order":0,"comment_status":"open","ping_status":"closed","template":"","meta":{"footnotes":""},"class_list":["post-2","page","type-page","status-publish","hentry"],"yoast_head":"<!-- This site is optimized with the Yoast SEO plugin v27.6 - https:\/\/yoast.com\/product\/yoast-seo-wordpress\/ -->\n<title>ZONE DIAL<\/title>\n<meta name=\"description\" content=\"Le meilleur moyen de trouver des gars pour faire des partouzes c&#039;est de viser large dans les profils ..si non ce sont toujours les m\u00eames t\u00eates , les m\u00eames\" \/>\n<meta name=\"robots\" content=\"index, follow, max-snippet:-1, max-image-preview:large, max-video-preview:-1\" \/>\n<link rel=\"canonical\" href=\"http:\/\/www.gay-touzeur.com\/blog\/zone-dial\/\" \/>\n<meta property=\"og:locale\" content=\"fr_FR\" \/>\n<meta property=\"og:type\" content=\"article\" \/>\n<meta property=\"og:title\" content=\"ZONE DIAL\" \/>\n<meta property=\"og:description\" content=\"Le meilleur moyen de trouver des gars pour faire des partouzes c&#039;est de viser large dans les profils ..si non ce sont toujours les m\u00eames t\u00eates , les m\u00eames\" \/>\n<meta property=\"og:url\" content=\"http:\/\/www.gay-touzeur.com\/blog\/zone-dial\/\" \/>\n<meta property=\"og:site_name\" content=\"Gay Touzeur\" \/>\n<meta property=\"article:modified_time\" content=\"2018-11-05T15:38:48+00:00\" \/>\n<meta property=\"og:image\" content=\"http:\/\/www.gay-touzeur.com\/images\/rencontre-touzeurs.jpg\" \/>\n<meta name=\"twitter:card\" content=\"summary_large_image\" \/>\n<script type=\"application\/ld+json\" class=\"yoast-schema-graph\">{\"@context\":\"https:\\\/\\\/schema.org\",\"@graph\":[{\"@type\":\"WebPage\",\"@id\":\"http:\\\/\\\/www.gay-touzeur.com\\\/blog\\\/zone-dial\\\/\",\"url\":\"http:\\\/\\\/www.gay-touzeur.com\\\/blog\\\/zone-dial\\\/\",\"name\":\"ZONE DIAL\",\"isPartOf\":{\"@id\":\"http:\\\/\\\/www.gay-touzeur.com\\\/blog\\\/#website\"},\"primaryImageOfPage\":{\"@id\":\"http:\\\/\\\/www.gay-touzeur.com\\\/blog\\\/zone-dial\\\/#primaryimage\"},\"image\":{\"@id\":\"http:\\\/\\\/www.gay-touzeur.com\\\/blog\\\/zone-dial\\\/#primaryimage\"},\"thumbnailUrl\":\"http:\\\/\\\/www.gay-touzeur.com\\\/images\\\/rencontre-touzeurs.jpg\",\"datePublished\":\"2013-06-21T16:23:11+00:00\",\"dateModified\":\"2018-11-05T15:38:48+00:00\",\"description\":\"Le meilleur moyen de trouver des gars pour faire des partouzes c'est de viser large dans les profils ..si non ce sont toujours les m\u00eames t\u00eates , les m\u00eames\",\"breadcrumb\":{\"@id\":\"http:\\\/\\\/www.gay-touzeur.com\\\/blog\\\/zone-dial\\\/#breadcrumb\"},\"inLanguage\":\"fr-FR\",\"potentialAction\":[{\"@type\":\"ReadAction\",\"target\":[\"http:\\\/\\\/www.gay-touzeur.com\\\/blog\\\/zone-dial\\\/\"]}]},{\"@type\":\"ImageObject\",\"inLanguage\":\"fr-FR\",\"@id\":\"http:\\\/\\\/www.gay-touzeur.com\\\/blog\\\/zone-dial\\\/#primaryimage\",\"url\":\"http:\\\/\\\/www.gay-touzeur.com\\\/images\\\/rencontre-touzeurs.jpg\",\"contentUrl\":\"http:\\\/\\\/www.gay-touzeur.com\\\/images\\\/rencontre-touzeurs.jpg\"},{\"@type\":\"BreadcrumbList\",\"@id\":\"http:\\\/\\\/www.gay-touzeur.com\\\/blog\\\/zone-dial\\\/#breadcrumb\",\"itemListElement\":[{\"@type\":\"ListItem\",\"position\":1,\"name\":\"Accueil\",\"item\":\"http:\\\/\\\/www.gay-touzeur.com\\\/blog\\\/\"},{\"@type\":\"ListItem\",\"position\":2,\"name\":\"ZONE DIAL\"}]},{\"@type\":\"WebSite\",\"@id\":\"http:\\\/\\\/www.gay-touzeur.com\\\/blog\\\/#website\",\"url\":\"http:\\\/\\\/www.gay-touzeur.com\\\/blog\\\/\",\"name\":\"Gay Touzeur\",\"description\":\"Vid\u00e9o partouze gay\",\"potentialAction\":[{\"@type\":\"SearchAction\",\"target\":{\"@type\":\"EntryPoint\",\"urlTemplate\":\"http:\\\/\\\/www.gay-touzeur.com\\\/blog\\\/?s={search_term_string}\"},\"query-input\":{\"@type\":\"PropertyValueSpecification\",\"valueRequired\":true,\"valueName\":\"search_term_string\"}}],\"inLanguage\":\"fr-FR\"}]}<\/script>\n<!-- \/ Yoast SEO plugin. -->","yoast_head_json":{"title":"ZONE DIAL","description":"Le meilleur moyen de trouver des gars pour faire des partouzes c'est de viser large dans les profils ..si non ce sont toujours les m\u00eames t\u00eates , les m\u00eames","robots":{"index":"index","follow":"follow","max-snippet":"max-snippet:-1","max-image-preview":"max-image-preview:large","max-video-preview":"max-video-preview:-1"},"canonical":"http:\/\/www.gay-touzeur.com\/blog\/zone-dial\/","og_locale":"fr_FR","og_type":"article","og_title":"ZONE DIAL","og_description":"Le meilleur moyen de trouver des gars pour faire des partouzes c'est de viser large dans les profils ..si non ce sont toujours les m\u00eames t\u00eates , les m\u00eames","og_url":"http:\/\/www.gay-touzeur.com\/blog\/zone-dial\/","og_site_name":"Gay Touzeur","article_modified_time":"2018-11-05T15:38:48+00:00","og_image":[{"url":"http:\/\/www.gay-touzeur.com\/images\/rencontre-touzeurs.jpg","type":"","width":"","height":""}],"twitter_card":"summary_large_image","schema":{"@context":"https:\/\/schema.org","@graph":[{"@type":"WebPage","@id":"http:\/\/www.gay-touzeur.com\/blog\/zone-dial\/","url":"http:\/\/www.gay-touzeur.com\/blog\/zone-dial\/","name":"ZONE DIAL","isPartOf":{"@id":"http:\/\/www.gay-touzeur.com\/blog\/#website"},"primaryImageOfPage":{"@id":"http:\/\/www.gay-touzeur.com\/blog\/zone-dial\/#primaryimage"},"image":{"@id":"http:\/\/www.gay-touzeur.com\/blog\/zone-dial\/#primaryimage"},"thumbnailUrl":"http:\/\/www.gay-touzeur.com\/images\/rencontre-touzeurs.jpg","datePublished":"2013-06-21T16:23:11+00:00","dateModified":"2018-11-05T15:38:48+00:00","description":"Le meilleur moyen de trouver des gars pour faire des partouzes c'est de viser large dans les profils ..si non ce sont toujours les m\u00eames t\u00eates , les m\u00eames","breadcrumb":{"@id":"http:\/\/www.gay-touzeur.com\/blog\/zone-dial\/#breadcrumb"},"inLanguage":"fr-FR","potentialAction":[{"@type":"ReadAction","target":["http:\/\/www.gay-touzeur.com\/blog\/zone-dial\/"]}]},{"@type":"ImageObject","inLanguage":"fr-FR","@id":"http:\/\/www.gay-touzeur.com\/blog\/zone-dial\/#primaryimage","url":"http:\/\/www.gay-touzeur.com\/images\/rencontre-touzeurs.jpg","contentUrl":"http:\/\/www.gay-touzeur.com\/images\/rencontre-touzeurs.jpg"},{"@type":"BreadcrumbList","@id":"http:\/\/www.gay-touzeur.com\/blog\/zone-dial\/#breadcrumb","itemListElement":[{"@type":"ListItem","position":1,"name":"Accueil","item":"http:\/\/www.gay-touzeur.com\/blog\/"},{"@type":"ListItem","position":2,"name":"ZONE DIAL"}]},{"@type":"WebSite","@id":"http:\/\/www.gay-touzeur.com\/blog\/#website","url":"http:\/\/www.gay-touzeur.com\/blog\/","name":"Gay Touzeur","description":"Vid\u00e9o partouze gay","potentialAction":[{"@type":"SearchAction","target":{"@type":"EntryPoint","urlTemplate":"http:\/\/www.gay-touzeur.com\/blog\/?s={search_term_string}"},"query-input":{"@type":"PropertyValueSpecification","valueRequired":true,"valueName":"search_term_string"}}],"inLanguage":"fr-FR"}]}},"_links":{"self":[{"href":"http:\/\/www.gay-touzeur.com\/blog\/wp-json\/wp\/v2\/pages\/2","targetHints":{"allow":["GET"]}}],"collection":[{"href":"http:\/\/www.gay-touzeur.com\/blog\/wp-json\/wp\/v2\/pages"}],"about":[{"href":"http:\/\/www.gay-touzeur.com\/blog\/wp-json\/wp\/v2\/types\/page"}],"author":[{"embeddable":true,"href":"http:\/\/www.gay-touzeur.com\/blog\/wp-json\/wp\/v2\/users\/1"}],"replies":[{"embeddable":true,"href":"http:\/\/www.gay-touzeur.com\/blog\/wp-json\/wp\/v2\/comments?post=2"}],"version-history":[{"count":5,"href":"http:\/\/www.gay-touzeur.com\/blog\/wp-json\/wp\/v2\/pages\/2\/revisions"}],"predecessor-version":[{"id":3002,"href":"http:\/\/www.gay-touzeur.com\/blog\/wp-json\/wp\/v2\/pages\/2\/revisions\/3002"}],"wp:attachment":[{"href":"http:\/\/www.gay-touzeur.com\/blog\/wp-json\/wp\/v2\/media?parent=2"}],"curies":[{"name":"wp","href":"https:\/\/api.w.org\/{rel}","templated":true}]}}